 what is -2 + -2063088a?
-20630891
In base 13, what is -1165978 - -14a?
-116582b
In base 4, what is -10022 + -10302220?
-10312302
In base 7, what is 40 + -2345265?
-2345225
In base 7, what is -4615010 + -1?
-4615011
In base 7, what is -103 - -12114050?
12113644
In base 5, what is -2 + 1100142320?
1100142313
In base 5, what is 4040231 + 103204?
4143440
In base 15, what is e5b02dd - -5?
e5b02e3
In base 4, what is 3 + 12023023022?
12023023031
In base 7, what is -215422 + 1146?
-214243
In base 14, what is -6a + -186dd6?
-187062
In base 6, what is 5 + -1045251224?
-1045251215
In base 16, what is -14 + -2eac85?
-2eac99
In base 2, what is -10100010101001011111 - 1?
-10100010101001100000
In base 3, what is -212201 + -10120221?
-11110122
In base 6, what is -13413 - -14022?
205
In base 8, what is -322171 + 35?
-322134
In base 11, what is -3165499 + 25?
-3165474
In base 15, what is 2261b4 + 15?
2261c9
In base 2, what is 10010011001111001101101110 - -11?
10010011001111001101110001
In base 14, what is -2a1 - 1884?
-1b45
In base 7, what is 1 - 164525462?
-164525461
In base 8, what is 0 - -615760724?
615760724
In base 9, what is 415437250 - 3?
415437246
In base 2, what is -10010001 + 10001010110000001111?
10001010101101111110
In base 14, what is -5 + -2537a0?
-2537a5
In base 9, what is -127 - -128811?
128673
In base 14, what is 1d26b - 6?
1d265
In base 10, what is -7307 + 1089?
-6218
In base 6, what is 352130433 + 0?
352130433
In base 4, what is 3301 + -322311?
-313010
In base 2, what is 11011100010100 - -11111100010111?
111011000101011
In base 16, what is f5606 + 5?
f560b
In base 7, what is 126205 + 1141?
130346
In base 8, what is -12 + -23523434?
-23523446
In base 9, what is -4386010 + 45?
-4385854
In base 6, what is 153500 + -105520?
43540
In base 14, what is 385d - 5a9a?
-223b
In base 13, what is -1a564c1 - 4?
-1a564c5
In base 14, what is -3517 - -269?
-328c
In base 16, what is 6fc + 154d?
1c49
In base 3, what is 10 - -1101212010201012?
1101212010201022
In base 13, what is 5 + 3785412?
3785417
In base 4, what is 13000 - 3321?
3013
In base 12, what is 12547 + 102?
12649
In base 12, what is -52422b00 - -7?
-52422ab5
In base 16, what is 2c2df5 + 1b?
2c2e10
In base 14, what is 13 + 10940?
10953
In base 4, what is 11203 - -313311333?
313323202
In base 9, what is 743322 + -231?
743081
In base 6, what is 25153 + 421?
30014
In base 10, what is -23029 + 412?
-22617
In base 14, what is -3885b - -13a?
-38721
In base 13, what is b0 + -b1b5c?
-b1a7c
In base 9, what is -141703 - -373?
-141320
In base 4, what is -311 + 12121212222?
12121211311
In base 13, what is -667 + -c8187?
-c8821
In base 2, what is -110011000011001000010010 + 110?
-110011000011001000001100
In base 8, what is -620 - -1674160?
1673340
In base 3, what is -201100110000 + 1221000?
-201021112000
In base 10, what is 1006888 + -14?
1006874
In base 7, what is 1 + 3164163116?
3164163120
In base 4, what is -3 - -2103100120013?
2103100120010
In base 10, what is 248297 + -31?
248266
In base 9, what is 1604 + -175868?
-174264
In base 10, what is -109 + 485993?
485884
In base 8, what is 13617015 + -15?
13617000
In base 6, what is -10 + -150023155?
-150023205
In base 5, what is 324 - -311110321?
311111200
In base 13, what is -316c1 + -6a5c?
-38450
In base 7, what is 3605540 + -114?
3605423
In base 11, what is 32aa - 53?
3257
In base 3, what is 1122011101200020 - -100?
1122011101200120
In base 9, what is 2601865 + 5?
2601871
In base 12, what is 67 - 166a027?
-1669b80
In base 12, what is -36a - -27716?
27368
In base 10, what is -1 - -16777376?
16777375
In base 5, what is 4 - 132432042140?
-132432042131
In base 4, what is 33120013303 - -300?
33120020203
In base 5, what is -3 - 21330020?
-21330023
In base 15, what is -ca124d - 0?
-ca124d
In base 15, what is bc9578 - -3?
bc957b
In base 12, what is 4 - -6b976a9?
6b976b1
In base 10, what is 233402714 - 3?
233402711
In base 5, what is -204102000 - -1020?
-204100430
In base 16, what is 331e + -53c8?
-20aa
In base 10, what is -1980 - -7220?
5240
In base 8, what is -16532256 - -3?
-16532253
In base 10, what is 39091 - -27?
39118
In base 10, what is 2 - -3055127?
3055129
In base 7, what is 1611342 + 565?
1612240
In base 14, what is 81c244 + d?
81c253
In base 6, what is 4 - -123245102?
123245110
In base 15, what is 2 - -551662?
551664
In base 12, what is -5377b8 + -50?
-537848
In base 8, what is -2377537 - -3?
-2377534
In base 10, what is -1 - 22647401?
-22647402
In base 2, what is -11100 - -100100010101001110011?
100100010101001010111
In base 8, what is -2 - -56512472?
56512470
In base 8, what is -4105 - 434763?
-441070
In base 16, what is -ac97 + b5?
-abe2
In base 6, what is 13 - 12352430?
-12352413
In base 2, what is -11011011111001 + -100111100111101?
-1000011000110110
In base 12, what is 3ab9 + 28ab?
67a8
In base 10, what is -17983 - -738?
-17245
In base 4, what is -10 + 12033221030?
12033221020
In base 2, what is 1111100110111 + -101011001?
1110111011110
In base 3, what is 20210011022 + -20222000?
20112012022
In base 7, what is 522 + -2655334?
-2654512
In base 8, what is 242356 + -51?
242305
In base 8, what is -1 - -13561551?
13561550
In base 4, what is -1232 - -310103113?
310101221
In base 2, what is 111001010100 - 10111011010?
100001111010
In base 12, what is 211174 - 164?
211010
In base 15, what is 2 - 1949bb0?
-1949bad
In base 14, what is 917dc6c - 3?
917dc69
In base 9, what is -583 - 3061?
-3654
In base 5, what is -20 + -1241234111?
-1241234131
In base 12, what is -5 + -b0211?
-b0216
In base 2, what is 100011100101101 + 10010101110?
100101111011011
In base 5, what is -1432242 + -201234?
-2134031
In base 13, what is 146b0b - -6?
146b14
In base 9, what is 27822 - 672?
27140
In base 6, what is 0 + 2240220421?
2240220421
In base 6, what is 5441 + -3551033?
-3541152
In base 12, what is 127b73318 - -2?
127b7331a
In base 14, what is 14a97d674 + 4?
14a97d678
In base 10, what is -56983 - 6317?
-63300
In base 2, what is 11111010000110001010 - 1101110111?
11111001111000010011
In base 13, what is -33 - 30612?
-30645
In base 12, what is 25 + -11470a?
-1146a5
In base 16, what is -3a9 - -7f9f?
7bf6
In base 14, what is -21c04c + 55?
-21bdd7
In base 5, what is -20244412 - -232?
-20244130
In base 2, what is -1010001001 - 10100111010001111?
-10101000100011000
In base 8, what is -122016057 - 0?
-122016057
In base 13, what is ba1 - 21c1a?
-21049
In base 12, what is -3 + 28159a?
281597
In base 4, what is 3213103 + -222313?
2330130
In base 8, what is -333 - 13001?
-13334
In base 9, what is -376 - 58825?
-60312
In base 12, what is 103 - -697482?
697585
In base 14, what is 5d + 45940?
4599d
In base 9, what is -20651 + -1858?
-22620
In base 15, what is b9e196d - -5?
b9e1973
In base 12, what is 130ab7 + 771?
131668
In base 13, what is -644b0 - 17?
-644c7
In base 14, what is -2bd + 2b2a?
284b
In base 8, what is 4 - -146777530?
146777534
In base 8, what is 6545113 + 11?
6545124
In base 15, what is -3090db + 18?
-3090c3
In base 11, what is -2 + -36017467?
-36017469
In base 2, what is 10011000111110010 - -10101010?
10011001010011100
In base 6, what is -34443 - -1100224?
1021341
In base 5, what is 243340 + 1014?
244404
In base 3, what is 1001112121022202 + 11?
1001112121022220
In base 8, what is -1552 - -57131?
55357
In base 15, what is -c + e6?
d9
In base 16, what is -724 + 4d6d?
4649
In base 5, what is 42 + 32043112?
32043204
In base 14, what is 1 - -28149b?
28149c
In base 2, what is -11 - -11101011100100010011?
11101011100100010000
In base 9, what is 2 + 7476421?
7476423
In base 2, what is -11110010111111101111 + 10100?
-11110010111111011011
In base 9, what is -237 + -70634?
-70872
In base 2, what is 110000 - -101010101101001?
101010110011001
In base 9, what is -41264 + -6105?
-47370
In base 13, what is -4 - 1467436?
-146743a
In base 12, what is 433 - 1a8?
247
In base 5, what is -4431101430414 + -3?
-4431101430422
In base 7, what is -141505 - -13664?
-124511
In base 14, what is 4 - -26062cb?
26062d1
In base 6, what is 14 + 210222252?
210222310
In base 8, what is 3343 + 72075?
75440
In base 12, what is 1950b + ba4b?
2935a
In base 4, what is -1021313031320 + -1?
-1021313031321
In base 9, what is 56072 + -55731?
241
In base 7, what is -250661 - -412?
-250246
In base 16, what is 1c66 + 17435?